
False
Is 12 a factor of 4582?
False
Does 16 divide 43600?
True
Is 42 a factor of 3192?
True
Does 31 divide 1658?
False
Is 92 a factor of 45356?
True
Is 15 a factor of 10935?
True
Does 35 divide 819?
False
Is 45476 a multiple of 319?
False
Is 17 a factor of 2771?
True
Is 11 a factor of 6512?
True
Does 31 divide 30566?
True
Does 44 divide 14872?
True
Does 52 divide 1007?
False
Is 8478 a multiple of 18?
True
Does 277 divide 44215?
False
Does 20 divide 740?
True
Is 5320 a multiple of 28?
True
Is 17 a factor of 340?
True
Is 42 a factor of 1039?
False
Does 125 divide 2625?
True
Is 8 a factor of 4520?
True
Does 13 divide 363?
False
Does 78 divide 14705?
False
Is 2711 a multiple of 28?
False
Is 4474 a multiple of 8?
False
Is 9 a factor of 278?
False
Does 10 divide 191?
False
Is 16 a factor of 176?
True
Does 6 divide 56?
False
Is 72 a factor of 22248?
True
Is 28344 a multiple of 23?
False
Does 63 divide 29797?
False
Does 60 divide 3720?
True
Does 135 divide 5535?
True
Is 20 a factor of 450?
False
Is 10 a factor of 540?
True
Does 8 divide 3296?
True
Is 165 a factor of 6930?
True
Is 19 a factor of 2023?
False
Does 21 divide 108549?
True
Is 9 a factor of 5175?
True
Is 10 a factor of 3340?
True
Is 65509 a multiple of 44?
False
Is 489 a multiple of 2?
False
Does 4 divide 48?
True
Does 26 divide 2221?
False
Is 48 a factor of 1248?
True
Is 38 a factor of 6726?
True
Is 30 a factor of 1440?
True
Is 80 a factor of 2720?
True
Does 108 divide 10889?
False
Is 3 a factor of 9808?
False
Does 13 divide 12337?
True
Is 8800 a multiple of 40?
True
Does 2 divide 78?
True
Is 13224 a multiple of 24?
True
Does 11 divide 6301?
False
Is 4112 a multiple of 16?
True
Is 2 a factor of 452?
True
Is 59253 a multiple of 23?
False
Is 1212 a multiple of 19?
False
Is 14800 a multiple of 6?
False
Is 2783 a multiple of 11?
True
Is 1577 a multiple of 26?
False
Is 1701 a multiple of 21?
True
Is 17 a factor of 187?
True
Is 23278 a multiple of 25?
False
Is 58305 a multiple of 299?
True
Is 143 a multiple of 14?
False
Is 36 a factor of 6372?
True
Is 3 a factor of 8486?
False
Is 5012 a multiple of 44?
False
Is 13618 a multiple of 150?
False
Is 22 a factor of 28763?
False
Is 8 a factor of 10104?
True
Is 48654 a multiple of 102?
True
Is 14586 a multiple of 22?
True
Is 47 a factor of 470?
True
Is 540 a multiple of 54?
True
Is 12637 a multiple of 13?
False
Does 28 divide 784?
True
Does 364 divide 7280?
True
Does 51 divide 1173?
True
Is 150 a multiple of 25?
True
Is 1464 a multiple of 8?
True
Is 480 a multiple of 118?
False
Is 13980 a multiple of 15?
True
Is 46 a multiple of 32?
False
Is 31178 a multiple of 17?
True
Is 127 a factor of 68072?
True
Is 37 a factor of 37?
True
Does 8 divide 3976?
True
Is 6922 a multiple of 51?
False
Is 38 a factor of 15884?
True
Is 11544 a multiple of 52?
True
Is 847 a multiple of 3?
False
Is 5784 a multiple of 24?
True
Is 55 a factor of 1100?
True
Is 65 a factor of 9555?
True
Is 717 a multiple of 113?
False
Does 23 divide 230?
True
Is 31 a factor of 34782?
True
Does 43 divide 7289?
False
Is 9660 a multiple of 23?
True
Is 33336 a multiple of 72?
True
Does 11 divide 1155?
True
Does 15 divide 840?
True
Is 38 a factor of 8512?
True
Is 9922 a multiple of 22?
True
Does 16 divide 303?
False
Is 7 a factor of 105?
True
Is 2 a factor of 51?
False
Does 58 divide 27924?
False
Is 108 a multiple of 6?
True
Is 82080 a multiple of 190?
True
Is 38 a factor of 16014?
False
Is 22 a factor of 352?
True
Is 9975 a multiple of 47?
False
Is 29 a factor of 332?
False
Does 11 divide 55?
True
Is 6 a factor of 6454?
False
Does 2 divide 248?
True
Does 102 divide 74562?
True
Is 56 a multiple of 8?
True
Is 2199 a multiple of 2?
False
Does 30 divide 510?
True
Does 11 divide 880?
True
Is 32 a factor of 2112?
True
Is 217 a multiple of 6?
False
Is 3312 a multiple of 72?
True
Is 2818 a multiple of 31?
False
Is 38 a factor of 41534?
True
Is 344 a factor of 52976?
True
Does 17 divide 40802?
False
Is 57582 a multiple of 126?
True
Is 13 a factor of 8437?
True
Is 547 even?
False
Is 6 a factor of 2196?
True
Does 22 divide 880?
True
Is 16 a factor of 3980?
False
Is 1577 a multiple of 12?
False
Is 2632 a multiple of 47?
True
Is 8 a factor of 6603?
False
Does 2 divide 68?
True
Is 8 a factor of 14440?
True
Is 66 a multiple of 9?
False
Does 9 divide 480?
False
Is 11 a factor of 3238?
False
Is 58 a factor of 170?
False
Is 16 a factor of 16?
True
Is 11 a factor of 55?
True
Is 10 a factor of 27950?
True
Is 15 a factor of 570?
True
Is 2 a factor of 720?
True
Is 9017 a multiple of 127?
True
Is 100 a factor of 27100?
True
Does 8 divide 57128?
True
Is 12649 a multiple of 139?
True
Is 12 a factor of 5040?
True
Does 6 divide 384?
True
Is 16 a factor of 151?
False
Does 44 divide 17380?
True
Is 1000 a multiple of 13?
False
Is 98 a factor of 2450?
True
Is 3487 a multiple of 15?
False
Is 282 a multiple of 2?
True
Is 6250 a multiple of 50?
True
Is 16338 a multiple of 14?
True
Does 12 divide 8564?
False
Is 17 a factor of 40426?
True
Is 335 a multiple of 67?
True
Is 3 a factor of 96?
True
Is 7772 a multiple of 4?
True
Is 81 a factor of 1260?
False
Does 43 divide 2494?
True
Does 23 divide 2823?
False
Does 285 divide 59850?
True
Is 24210 a multiple of 15?
True
Is 1281 a multiple of 7?
True
Is 14 a factor of 33600?
True
Is 3642 a multiple of 8?
False
Is 258 a multiple of 49?
False
Is 29450 a multiple of 190?
True
Is 5451 a multiple of 81?
False
Is 139 a factor of 8643?
False
Is 61 a factor of 3477?
True
Is 144 a factor of 8208?
True
Does 13 divide 91?
True
Is 22092 a multiple of 84?
True
Is 1780 a multiple of 10?
True
Does 17 divide 23460?
True
Is 702 a multiple of 27?
True
Does 6 divide 1086?
True
Does 40 divide 3571?
False
Is 8566 a multiple of 4?
False
Does 32 divide 10720?
True
Is 87 a factor of 22019?
False
Does 15 divide 1851?
False
Is 49 a factor of 3178?
False
Is 23674 a multiple of 19?
True
Does 40 divide 3400?
True
Is 5490 a multiple of 30?
True
Is 46 a factor of 242?
False
Does 39 divide 10378?
False
Is 14 a factor of 36400?
True
Is 132 a factor of 2699?
False
Is 16 a factor of 3240?
False
Is 29091 a multiple of 3?
True
Is 9 a factor of 29691?
True
Does 15 divide 8295?
True
Is 1724 a multiple of 33?
False
Is 1940 a multiple of 97?
True
Does 110 divide 10780?
True
Is 34 a factor of 1008?
False
Does 42 divide 7911?
False
Does 32 divide 2540?
False
Is 46 a factor of 26680?
True
Is 791 a multiple of 17?
False
Does 20 divide 26254?
False
Is 45144 a multiple of 44?
True
Is 70 a factor of 3990?
True
Is 26584 a multiple of 62?
False
Is 8 a factor of 421?
False
Is 169 a multiple of 16?
False
Is 37 a factor of 3415?
False
Is 190 a multiple of 39?
False
Is 31 a factor of 7254?
True
Is 477 a multiple of 33?
False
Does 13 divide 36205?
True
Does 17 divide 13141?
True
Does 20 divide 40681?
False
Is 69792 a multiple of 85?
False
Is 9 a factor of 15174?
True
Is 16 a factor of 1376?
True
Is 1980 a multiple of 44?
True
Does 7 divide 4277?
True
Is 2425 a multiple of 97?
True
Is 1763 a multiple of 41?
True
Is 153 a factor of 15453?
True
Is 15 a factor of 14400?
True
Is 32 a factor of 13632?
True
Does 55 divide 1669?
False
Is 4 a factor of 7055?
False
Is 3 a factor of 5651?
False
Is 838 a multiple of 29?
False
Is 252 a multiple of 6?
True
Does 29 divide 21837?
True
Is 3661 a multiple of 19?
False
Does 8 divide 11274?
False
Is 5951 a multiple of 19?
False
Is 707 a multiple of 25?
False
Is 5 a factor of 609?
False
Is 420 a multiple of 28?
True
Is 240 a multiple of 20?
True
Does 38 divide 38?
True
Is 10064 a multiple of 22?
False
Is 62784 a multiple of 10?
False
Is 440 a multiple of 11?
True
Is 1423 a multiple of 2?
False
Is 16143 a multiple of 35?
False
Is 31 a factor of 191595?
False
Is 12688 a multiple of 244?
True
Does 6 divide 15047?
False
Is 14 a factor of 1162?
True
Is 243 a multiple of 2?
False
Does 80 divide 1840?
True
Is 5535 a multiple of 9?
True
Does 67 divide 3794?
False
Is 64 a factor of 10944?
True
Is 10808 a multiple of 28?
True
Is 42 a multiple of 15?
False
Does 34 divide 714?
True
Does 15 divide 2880?
True
Is 113 a factor of 49064?
False
Is 1366 a multiple of 85?
False
Is 3 a factor of 839?
False
Is 20 a factor of 660?
True
Does 15 divide 4335?
True
Is 9 a factor of 45?
True
Is 16 a factor of 16718?
False
Is 350 a multiple 